


{"id":118,"date":"2020-08-18T12:15:56","date_gmt":"2020-08-18T10:15:56","guid":{"rendered":"https:\/\/offbook.it\/blujass\/?page_id=118"},"modified":"2024-09-13T02:49:31","modified_gmt":"2024-09-13T00:49:31","slug":"about-us","status":"publish","type":"page","link":"https:\/\/offbook.it\/blujass\/about-us\/","title":{"rendered":"about us"},"content":{"rendered":"[vc_row type=&#8221;full_width_content&#8221; full_screen_row_position=&#8221;middle&#8221; column_margin=&#8221;default&#8221; column_direction=&#8221;default&#8221; column_direction_tablet=&#8221;default&#8221; column_direction_phone=&#8221;default&#8221; bg_color=&#8221;#191919&#8243; scene_position=&#8221;center&#8221; text_color=&#8221;light&#8221; text_align=&#8221;left&#8221; row_border_radius=&#8221;none&#8221; row_border_radius_applies=&#8221;bg&#8221; overflow=&#8221;visible&#8221; overlay_strength=&#8221;0.3&#8243; gradient_direction=&#8221;left_to_right&#8221; shape_divider_position=&#8221;bottom&#8221; bg_image_animation=&#8221;none&#8221; shape_type=&#8221;&#8221;][vc_column column_padding=&#8221;no-extra-padding&#8221; column_padding_tablet=&#8221;inherit&#8221; column_padding_phone=&#8221;inherit&#8221; column_padding_position=&#8221;all&#8221; top_margin=&#8221;150&#8243; top_margin_tablet=&#8221;120&#8243; top_margin_phone=&#8221;100&#8243; column_element_direction_desktop=&#8221;default&#8221; column_element_spacing=&#8221;default&#8221; desktop_text_alignment=&#8221;default&#8221; tablet_text_alignment=&#8221;default&#8221; phone_text_alignment=&#8221;default&#8221; background_color_opacity=&#8221;1&#8243; background_hover_color_opacity=&#8221;1&#8243; column_backdrop_filter=&#8221;none&#8221; column_shadow=&#8221;none&#8221; column_border_radius=&#8221;none&#8221; column_link_target=&#8221;_self&#8221; column_position=&#8221;default&#8221; gradient_direction=&#8221;left_to_right&#8221; overlay_strength=&#8221;0.3&#8243; width=&#8221;1\/1&#8243; tablet_width_inherit=&#8221;default&#8221; animation_type=&#8221;default&#8221; bg_image_animation=&#8221;none&#8221; border_type=&#8221;simple&#8221; column_border_width=&#8221;none&#8221; column_border_style=&#8221;solid&#8221;][vc_row_inner column_margin=&#8221;default&#8221; column_direction=&#8221;default&#8221; column_direction_tablet=&#8221;default&#8221; column_direction_phone=&#8221;default&#8221; text_align=&#8221;left&#8221; row_position=&#8221;default&#8221; row_position_tablet=&#8221;inherit&#8221; row_position_phone=&#8221;inherit&#8221; overflow=&#8221;visible&#8221; pointer_events=&#8221;all&#8221;][vc_column_inner column_padding=&#8221;no-extra-padding&#8221; column_padding_tablet=&#8221;padding-5-percent&#8221; column_padding_phone=&#8221;padding-5-percent&#8221; column_padding_position=&#8221;left-right&#8221; column_element_direction_desktop=&#8221;default&#8221; column_element_spacing=&#8221;default&#8221; desktop_text_alignment=&#8221;default&#8221; tablet_text_alignment=&#8221;default&#8221; phone_text_alignment=&#8221;default&#8221; background_color_opacity=&#8221;1&#8243; background_hover_color_opacity=&#8221;1&#8243; column_backdrop_filter=&#8221;none&#8221; column_shadow=&#8221;none&#8221; column_border_radius=&#8221;none&#8221; column_link_target=&#8221;_self&#8221; overflow=&#8221;visible&#8221; el_class=&#8221;colonna-img-header&#8221; gradient_direction=&#8221;left_to_right&#8221; overlay_strength=&#8221;0.3&#8243; width=&#8221;1\/2&#8243; tablet_width_inherit=&#8221;default&#8221; animation_type=&#8221;default&#8221; bg_image_animation=&#8221;none&#8221; border_type=&#8221;simple&#8221; column_border_width=&#8221;none&#8221; column_border_style=&#8221;solid&#8221;][image_with_animation image_url=&#8221;8129&#8243; image_size=&#8221;full&#8221; animation_type=&#8221;entrance&#8221; animation=&#8221;Fade In From Left&#8221; animation_easing=&#8221;default&#8221; animation_movement_type=&#8221;transform_y&#8221; hover_animation=&#8221;zoom-crop&#8221; alignment=&#8221;&#8221; border_radius=&#8221;none&#8221; box_shadow=&#8221;none&#8221; image_loading=&#8221;default&#8221; max_width=&#8221;100%&#8221; max_width_mobile=&#8221;default&#8221;][\/vc_column_inner][vc_column_inner column_padding=&#8221;padding-4-percent&#8221; column_padding_tablet=&#8221;inherit&#8221; column_padding_phone=&#8221;inherit&#8221; column_padding_position=&#8221;all&#8221; column_element_direction_desktop=&#8221;default&#8221; column_element_spacing=&#8221;default&#8221; desktop_text_alignment=&#8221;default&#8221; tablet_text_alignment=&#8221;default&#8221; phone_text_alignment=&#8221;default&#8221; background_color_opacity=&#8221;1&#8243; background_hover_color_opacity=&#8221;1&#8243; column_backdrop_filter=&#8221;none&#8221; column_shadow=&#8221;none&#8221; column_border_radius=&#8221;none&#8221; column_link_target=&#8221;_self&#8221; overflow=&#8221;visible&#8221; gradient_direction=&#8221;left_to_right&#8221; overlay_strength=&#8221;0.3&#8243; width=&#8221;1\/2&#8243; tablet_width_inherit=&#8221;default&#8221; animation_type=&#8221;default&#8221; bg_image_animation=&#8221;none&#8221; border_type=&#8221;simple&#8221; column_border_width=&#8221;none&#8221; column_border_style=&#8221;solid&#8221;][vc_column_text css=&#8221;.vc_custom_1597735694144{padding-bottom: 30px !important;}&#8221;]\n<h2><span class=\"evidenziato\">ABOUT US<\/span><\/h2>\n[\/vc_column_text][vc_column_text css=&#8221;&#8221; text_direction=&#8221;default&#8221;]In Blujass, crediamo che ogni dato siano fondamentali per costruire un futuro pi\u00f9 sostenibile.<\/p>\n<p>Le nostre soluzioni utilizzano i dati per ridurre gli sprechi e migliorare l&#8217;efficienza nell&#8217;uso delle risorse, che si tratti di ottimizzare il consumo idrico in agricoltura, ridurre i consumi energetici negli edifici o garantire il benessere degli animali negli allevamenti.<\/p>\n<p>Proprio come ogni goccia d&#8217;acqua contribuisce a un fiume, ogni dato raccolto e analizzato contribuisce a una gestione pi\u00f9 intelligente e sostenibile delle risorse.[\/vc_column_text][\/vc_column_inner][\/vc_row_inner][\/vc_column][\/vc_row][vc_row type=&#8221;full_width_content&#8221; full_screen_row_position=&#8221;bottom&#8221; column_margin=&#8221;default&#8221; column_direction=&#8221;default&#8221; column_direction_tablet=&#8221;default&#8221; column_direction_phone=&#8221;default&#8221; bg_color=&#8221;#191919&#8243; scene_position=&#8221;center&#8221; text_color=&#8221;light&#8221; text_align=&#8221;left&#8221; row_border_radius=&#8221;none&#8221; row_border_radius_applies=&#8221;bg&#8221; overflow=&#8221;visible&#8221; overlay_strength=&#8221;0.3&#8243; gradient_direction=&#8221;left_to_right&#8221; shape_divider_position=&#8221;bottom&#8221; bg_image_animation=&#8221;none&#8221; shape_type=&#8221;&#8221;][vc_column column_padding=&#8221;no-extra-padding&#8221; column_padding_tablet=&#8221;inherit&#8221; column_padding_phone=&#8221;inherit&#8221; column_padding_position=&#8221;all&#8221; bottom_margin=&#8221;50&#8243; bottom_margin_tablet=&#8221;100&#8243; column_element_direction_desktop=&#8221;default&#8221; column_element_spacing=&#8221;default&#8221; desktop_text_alignment=&#8221;default&#8221; tablet_text_alignment=&#8221;default&#8221; phone_text_alignment=&#8221;default&#8221; background_color_opacity=&#8221;1&#8243; background_hover_color_opacity=&#8221;1&#8243; column_backdrop_filter=&#8221;none&#8221; column_shadow=&#8221;none&#8221; column_border_radius=&#8221;none&#8221; column_link_target=&#8221;_self&#8221; column_position=&#8221;default&#8221; gradient_direction=&#8221;left_to_right&#8221; overlay_strength=&#8221;0.3&#8243; width=&#8221;1\/1&#8243; tablet_width_inherit=&#8221;default&#8221; animation_type=&#8221;default&#8221; bg_image_animation=&#8221;none&#8221; border_type=&#8221;simple&#8221; column_border_width=&#8221;none&#8221; column_border_style=&#8221;solid&#8221;][vc_row_inner content_placement=&#8221;middle&#8221; column_margin=&#8221;default&#8221; column_direction=&#8221;default&#8221; column_direction_tablet=&#8221;default&#8221; column_direction_phone=&#8221;default&#8221; text_align=&#8221;left&#8221; row_position=&#8221;default&#8221; row_position_tablet=&#8221;inherit&#8221; row_position_phone=&#8221;inherit&#8221; overflow=&#8221;visible&#8221; pointer_events=&#8221;all&#8221;][vc_column_inner column_padding=&#8221;no-extra-padding&#8221; column_padding_tablet=&#8221;inherit&#8221; column_padding_phone=&#8221;inherit&#8221; column_padding_position=&#8221;all&#8221; column_element_direction_desktop=&#8221;default&#8221; column_element_spacing=&#8221;default&#8221; desktop_text_alignment=&#8221;default&#8221; tablet_text_alignment=&#8221;default&#8221; phone_text_alignment=&#8221;default&#8221; background_color_opacity=&#8221;1&#8243; background_hover_color_opacity=&#8221;1&#8243; column_backdrop_filter=&#8221;none&#8221; column_shadow=&#8221;none&#8221; column_border_radius=&#8221;none&#8221; column_link_target=&#8221;_self&#8221; zindex=&#8221;1000&#8243; overflow=&#8221;visible&#8221; gradient_direction=&#8221;left_to_right&#8221; overlay_strength=&#8221;0.3&#8243; width=&#8221;1\/4&#8243; tablet_width_inherit=&#8221;default&#8221; animation_type=&#8221;default&#8221; bg_image_animation=&#8221;none&#8221; border_type=&#8221;simple&#8221; column_border_width=&#8221;none&#8221; column_border_style=&#8221;solid&#8221;][vc_column_text]\n<h1 class=\"titolo-sezione\">COMPANY PROFILE<\/h1>\n[\/vc_column_text][\/vc_column_inner][vc_column_inner column_padding=&#8221;padding-5-percent&#8221; column_padding_tablet=&#8221;inherit&#8221; column_padding_phone=&#8221;inherit&#8221; column_padding_position=&#8221;left-right&#8221; column_element_direction_desktop=&#8221;default&#8221; column_element_spacing=&#8221;default&#8221; desktop_text_alignment=&#8221;default&#8221; tablet_text_alignment=&#8221;default&#8221; phone_text_alignment=&#8221;default&#8221; background_color_opacity=&#8221;1&#8243; background_hover_color_opacity=&#8221;1&#8243; column_backdrop_filter=&#8221;none&#8221; column_shadow=&#8221;none&#8221; column_border_radius=&#8221;none&#8221; column_link_target=&#8221;_self&#8221; overflow=&#8221;visible&#8221; gradient_direction=&#8221;left_to_right&#8221; overlay_strength=&#8221;0.3&#8243; width=&#8221;1\/4&#8243; tablet_width_inherit=&#8221;default&#8221; animation_type=&#8221;default&#8221; bg_image_animation=&#8221;none&#8221; border_type=&#8221;simple&#8221; column_border_width=&#8221;none&#8221; column_border_style=&#8221;solid&#8221;][image_with_animation image_url=&#8221;137&#8243; image_size=&#8221;full&#8221; animation_type=&#8221;entrance&#8221; animation=&#8221;Fade In From Bottom&#8221; animation_easing=&#8221;default&#8221; animation_movement_type=&#8221;transform_y&#8221; hover_animation=&#8221;none&#8221; alignment=&#8221;center&#8221; border_radius=&#8221;none&#8221; box_shadow=&#8221;none&#8221; image_loading=&#8221;default&#8221; max_width=&#8221;100%&#8221; max_width_mobile=&#8221;default&#8221; el_class=&#8221;img-company&#8221;][\/vc_column_inner][vc_column_inner column_padding=&#8221;padding-4-percent&#8221; column_padding_tablet=&#8221;inherit&#8221; column_padding_phone=&#8221;inherit&#8221; column_padding_position=&#8221;all&#8221; column_element_direction_desktop=&#8221;default&#8221; column_element_spacing=&#8221;default&#8221; desktop_text_alignment=&#8221;default&#8221; tablet_text_alignment=&#8221;default&#8221; phone_text_alignment=&#8221;default&#8221; background_color_opacity=&#8221;1&#8243; background_hover_color_opacity=&#8221;1&#8243; column_backdrop_filter=&#8221;none&#8221; column_shadow=&#8221;none&#8221; column_border_radius=&#8221;none&#8221; column_link_target=&#8221;_self&#8221; overflow=&#8221;visible&#8221; gradient_direction=&#8221;left_to_right&#8221; overlay_strength=&#8221;0.3&#8243; width=&#8221;1\/2&#8243; tablet_width_inherit=&#8221;default&#8221; animation_type=&#8221;default&#8221; bg_image_animation=&#8221;none&#8221; border_type=&#8221;simple&#8221; column_border_width=&#8221;none&#8221; column_border_style=&#8221;solid&#8221;][vc_column_text css=&#8221;&#8221; text_direction=&#8221;default&#8221;]\n<div class=\"page\" title=\"Page 1\">\n<div class=\"section\">\n<div class=\"layoutArea\">\n<div class=\"column\">\n<h2 class=\"titolo-company\">Our Specialization<\/h2>\n<p>J4Box: Una piattaforma di Intelligenza Artificiale sviluppata per ottimizzare i processi produttivi e ridurre i costi energetici nelle industrie. Con una tecnologia plug-and-play non invasiva, J4BOX raccoglie e analizza dati in tempo reale, fornendo suggerimenti per migliorare l\u2019efficienza e garantire una gestione sostenibile delle risorse aziendali.<\/p>\n<p>Agri4Wine: Si concentra sull&#8217;agricoltura di precisione, utilizzando dati in tempo reale per ottimizzare l&#8217;irrigazione e ridurre gli sprechi d&#8217;acqua nei vigneti e nelle colture. Ogni decisione \u00e8 supportata da dati concreti, rendendo l&#8217;uso dell&#8217;acqua molto pi\u00f9 efficiente.<\/p>\n<p>Farm4AI: Utilizza i dati per garantire il benessere degli animali e ottimizzare il consumo di acqua negli allevamenti. Questo significa ridurre gli sprechi e migliorare le condizioni di vita degli animali.<\/p>\n<p>Airbox4AI: Utilizza algoritmi di Machine Learning per ottimizzare i sistemi HVAC, migliorando la qualit\u00e0 dell&#8217;aria interna e riducendo il consumo energetico e idrico. L&#8217;idea \u00e8 semplice: fare di pi\u00f9 con meno, regolando in modo intelligente l&#8217;uso delle risorse.<\/p>\n<p>Vision4AI: Utilizzando Intelligenza Artificiale e Machine Learning fornisce strumenti all\u2019avanguardia per l\u2019analisi termica e spettrale, supportando il controllo qualit\u00e0 e la rilevazione di anomalie nei processi produttivi.<\/p>\n<\/div>\n<\/div>\n<\/div>\n<\/div>\n[\/vc_column_text][\/vc_column_inner][\/vc_row_inner][\/vc_column][\/vc_row]\n","protected":false},"excerpt":{"rendered":"<p>[vc_row type=&#8221;full_width_content&#8221; full_screen_row_position=&#8221;middle&#8221; column_margin=&#8221;default&#8221; column_direction=&#8221;default&#8221; column_direction_tablet=&#8221;default&#8221; column_direction_phone=&#8221;default&#8221; bg_color=&#8221;#191919&#8243; scene_position=&#8221;center&#8221; text_color=&#8221;light&#8221; text_align=&#8221;left&#8221; row_border_radius=&#8221;none&#8221; row_border_radius_applies=&#8221;bg&#8221; overflow=&#8221;visible&#8221; overlay_strength=&#8221;0.3&#8243; gradient_direction=&#8221;left_to_right&#8221; shape_divider_position=&#8221;bottom&#8221; bg_image_animation=&#8221;none&#8221; shape_type=&#8221;&#8221;][vc_column column_padding=&#8221;no-extra-padding&#8221; column_padding_tablet=&#8221;inherit&#8221; column_padding_phone=&#8221;inherit&#8221; column_padding_position=&#8221;all&#8221; top_margin=&#8221;150&#8243; top_margin_tablet=&#8221;120&#8243; top_margin_phone=&#8221;100&#8243; column_element_direction_desktop=&#8221;default&#8221; column_element_spacing=&#8221;default&#8221; desktop_text_alignment=&#8221;default&#8221; tablet_text_alignment=&#8221;default&#8221;&#8230;<\/p>\n","protected":false},"author":1,"featured_media":0,"parent":0,"menu_order":0,"comment_status":"closed","ping_status":"closed","template":"","meta":{"inline_featured_image":false,"footnotes":""},"class_list":["post-118","page","type-page","status-publish"],"yoast_head":"<!-- This site is optimized with the Yoast SEO plugin v26.8 - https:\/\/yoast.com\/product\/yoast-seo-wordpress\/ -->\n<title>About Us &#8226; Blujass<\/title>\n<meta name=\"description\" content=\"Con un percorso di oltre 15 anni intriso di formazione continua e certificazioni ai pi\u00f9 alti standard tecnologici\" \/>\n<meta name=\"robots\" content=\"index, follow, max-snippet:-1, max-image-preview:large, max-video-preview:-1\" \/>\n<link rel=\"canonical\" href=\"https:\/\/offbook.it\/blujass\/about-us\/\" \/>\n<meta property=\"og:locale\" content=\"it_IT\" \/>\n<meta property=\"og:type\" content=\"article\" \/>\n<meta property=\"og:title\" content=\"About Us &#8226; Blujass\" \/>\n<meta property=\"og:description\" content=\"Con un percorso di oltre 15 anni intriso di formazione continua e certificazioni ai pi\u00f9 alti standard tecnologici\" \/>\n<meta property=\"og:url\" content=\"https:\/\/offbook.it\/blujass\/about-us\/\" \/>\n<meta property=\"og:site_name\" content=\"Blujass\" \/>\n<meta property=\"article:modified_time\" content=\"2024-09-13T00:49:31+00:00\" \/>\n<meta name=\"twitter:card\" content=\"summary_large_image\" \/>\n<meta name=\"twitter:label1\" content=\"Tempo di lettura stimato\" \/>\n\t<meta name=\"twitter:data1\" content=\"4 minuti\" \/>\n<script type=\"application\/ld+json\" class=\"yoast-schema-graph\">{\"@context\":\"https:\/\/schema.org\",\"@graph\":[{\"@type\":\"WebPage\",\"@id\":\"https:\/\/offbook.it\/blujass\/about-us\/\",\"url\":\"https:\/\/offbook.it\/blujass\/about-us\/\",\"name\":\"About Us &#8226; Blujass\",\"isPartOf\":{\"@id\":\"https:\/\/offbook.it\/blujass\/#website\"},\"datePublished\":\"2020-08-18T10:15:56+00:00\",\"dateModified\":\"2024-09-13T00:49:31+00:00\",\"description\":\"Con un percorso di oltre 15 anni intriso di formazione continua e certificazioni ai pi\u00f9 alti standard tecnologici\",\"breadcrumb\":{\"@id\":\"https:\/\/offbook.it\/blujass\/about-us\/#breadcrumb\"},\"inLanguage\":\"it-IT\",\"potentialAction\":[{\"@type\":\"ReadAction\",\"target\":[\"https:\/\/offbook.it\/blujass\/about-us\/\"]}]},{\"@type\":\"BreadcrumbList\",\"@id\":\"https:\/\/offbook.it\/blujass\/about-us\/#breadcrumb\",\"itemListElement\":[{\"@type\":\"ListItem\",\"position\":1,\"name\":\"Home\",\"item\":\"https:\/\/offbook.it\/blujass\/\"},{\"@type\":\"ListItem\",\"position\":2,\"name\":\"about us\"}]},{\"@type\":\"WebSite\",\"@id\":\"https:\/\/offbook.it\/blujass\/#website\",\"url\":\"https:\/\/offbook.it\/blujass\/\",\"name\":\"Jass\",\"description\":\"Join Advanced Software Solutions\",\"publisher\":{\"@id\":\"https:\/\/offbook.it\/blujass\/#organization\"},\"potentialAction\":[{\"@type\":\"SearchAction\",\"target\":{\"@type\":\"EntryPoint\",\"urlTemplate\":\"https:\/\/offbook.it\/blujass\/?s={search_term_string}\"},\"query-input\":{\"@type\":\"PropertyValueSpecification\",\"valueRequired\":true,\"valueName\":\"search_term_string\"}}],\"inLanguage\":\"it-IT\"},{\"@type\":\"Organization\",\"@id\":\"https:\/\/offbook.it\/blujass\/#organization\",\"name\":\"Jass\",\"url\":\"https:\/\/offbook.it\/blujass\/\",\"logo\":{\"@type\":\"ImageObject\",\"inLanguage\":\"it-IT\",\"@id\":\"https:\/\/offbook.it\/blujass\/#\/schema\/logo\/image\/\",\"url\":\"https:\/\/offbook.it\/blujass\/wp-content\/uploads\/2020\/07\/jass-logo.svg\",\"contentUrl\":\"https:\/\/offbook.it\/blujass\/wp-content\/uploads\/2020\/07\/jass-logo.svg\",\"width\":1,\"height\":1,\"caption\":\"Jass\"},\"image\":{\"@id\":\"https:\/\/offbook.it\/blujass\/#\/schema\/logo\/image\/\"}}]}<\/script>\n<!-- \/ Yoast SEO plugin. -->","yoast_head_json":{"title":"About Us &#8226; Blujass","description":"Con un percorso di oltre 15 anni intriso di formazione continua e certificazioni ai pi\u00f9 alti standard tecnologici","robots":{"index":"index","follow":"follow","max-snippet":"max-snippet:-1","max-image-preview":"max-image-preview:large","max-video-preview":"max-video-preview:-1"},"canonical":"https:\/\/offbook.it\/blujass\/about-us\/","og_locale":"it_IT","og_type":"article","og_title":"About Us &#8226; Blujass","og_description":"Con un percorso di oltre 15 anni intriso di formazione continua e certificazioni ai pi\u00f9 alti standard tecnologici","og_url":"https:\/\/offbook.it\/blujass\/about-us\/","og_site_name":"Blujass","article_modified_time":"2024-09-13T00:49:31+00:00","twitter_card":"summary_large_image","twitter_misc":{"Tempo di lettura stimato":"4 minuti"},"schema":{"@context":"https:\/\/schema.org","@graph":[{"@type":"WebPage","@id":"https:\/\/offbook.it\/blujass\/about-us\/","url":"https:\/\/offbook.it\/blujass\/about-us\/","name":"About Us &#8226; Blujass","isPartOf":{"@id":"https:\/\/offbook.it\/blujass\/#website"},"datePublished":"2020-08-18T10:15:56+00:00","dateModified":"2024-09-13T00:49:31+00:00","description":"Con un percorso di oltre 15 anni intriso di formazione continua e certificazioni ai pi\u00f9 alti standard tecnologici","breadcrumb":{"@id":"https:\/\/offbook.it\/blujass\/about-us\/#breadcrumb"},"inLanguage":"it-IT","potentialAction":[{"@type":"ReadAction","target":["https:\/\/offbook.it\/blujass\/about-us\/"]}]},{"@type":"BreadcrumbList","@id":"https:\/\/offbook.it\/blujass\/about-us\/#breadcrumb","itemListElement":[{"@type":"ListItem","position":1,"name":"Home","item":"https:\/\/offbook.it\/blujass\/"},{"@type":"ListItem","position":2,"name":"about us"}]},{"@type":"WebSite","@id":"https:\/\/offbook.it\/blujass\/#website","url":"https:\/\/offbook.it\/blujass\/","name":"Jass","description":"Join Advanced Software Solutions","publisher":{"@id":"https:\/\/offbook.it\/blujass\/#organization"},"potentialAction":[{"@type":"SearchAction","target":{"@type":"EntryPoint","urlTemplate":"https:\/\/offbook.it\/blujass\/?s={search_term_string}"},"query-input":{"@type":"PropertyValueSpecification","valueRequired":true,"valueName":"search_term_string"}}],"inLanguage":"it-IT"},{"@type":"Organization","@id":"https:\/\/offbook.it\/blujass\/#organization","name":"Jass","url":"https:\/\/offbook.it\/blujass\/","logo":{"@type":"ImageObject","inLanguage":"it-IT","@id":"https:\/\/offbook.it\/blujass\/#\/schema\/logo\/image\/","url":"https:\/\/offbook.it\/blujass\/wp-content\/uploads\/2020\/07\/jass-logo.svg","contentUrl":"https:\/\/offbook.it\/blujass\/wp-content\/uploads\/2020\/07\/jass-logo.svg","width":1,"height":1,"caption":"Jass"},"image":{"@id":"https:\/\/offbook.it\/blujass\/#\/schema\/logo\/image\/"}}]}},"_links":{"self":[{"href":"https:\/\/offbook.it\/blujass\/wp-json\/wp\/v2\/pages\/118","targetHints":{"allow":["GET"]}}],"collection":[{"href":"https:\/\/offbook.it\/blujass\/wp-json\/wp\/v2\/pages"}],"about":[{"href":"https:\/\/offbook.it\/blujass\/wp-json\/wp\/v2\/types\/page"}],"author":[{"embeddable":true,"href":"https:\/\/offbook.it\/blujass\/wp-json\/wp\/v2\/users\/1"}],"replies":[{"embeddable":true,"href":"https:\/\/offbook.it\/blujass\/wp-json\/wp\/v2\/comments?post=118"}],"version-history":[{"count":117,"href":"https:\/\/offbook.it\/blujass\/wp-json\/wp\/v2\/pages\/118\/revisions"}],"predecessor-version":[{"id":9925,"href":"https:\/\/offbook.it\/blujass\/wp-json\/wp\/v2\/pages\/118\/revisions\/9925"}],"wp:attachment":[{"href":"https:\/\/offbook.it\/blujass\/wp-json\/wp\/v2\/media?parent=118"}],"curies":[{"name":"wp","href":"https:\/\/api.w.org\/{rel}","templated":true}]}}